x?
5
Let b be (15/12)/((-2)/8). Let k(p) = -p**2 - 4*p + 4. Let f be k(b). What is the units digit of 33/4 - f/(-4)?
8
Suppose -u + 6*u = -5*x + 1910, -5*u - 10 = 0. What is the tens digit of x?
8
Let w(y) = y + 1. Suppose -10*z + 5*z + 45 = 0. Suppose z + 3 = 4*v. What is the units digit of w(v)?
4
Suppose 0 = -3*c - i + 700, -1 = 5*i + 24. What is the tens digit of c?
3
Suppose 5*w - 55 = -0*w. Let l(b) = 2*b - 9. Let r be l(w). Let v = -10 + r. What is the units digit of v?
3
Suppose 0 = -a - 2*a + 243. Suppose a = 2*v - 27. Suppose -3*b + 21 = -5*r, 5*b - r = v - 19. What is the units digit of b?
7
Suppose -p + 4 = 0, -2*h = h + 3*p - 276. Suppose -7 = 4*o - 27, -4*n - 4*o + h = 0. What is the units digit of n?
7
Let x(f) = -7*f - 16. What is the units digit of x(-4)?
2
Suppose -39*z + 34*z + 1300 = 0. What is the hundreds digit of z?
2
Let p(x) = -x**2 + x + 12. Let i be p(4). Suppose -4*l + 140 = -i*l. What is the tens digit of l?
3
Suppose 0*b = 2*b, b + 2 = v. Let g be (v - 0) + 0 + -2. Let h = 1 - g. What is the units digit of h?
1
Let x(z) be the second derivative of -4/3*z**3 - 3/2*z**2 + 2*z + 1/20*z**5 + 1/2*z**4 + 0. What is the units digit of x(-7)?
4
Let z(p) = -p. Let y be z(-6). Let c = y - 16. Let o = c - -16. What is the units digit of o?
6
Let i = 2 - 16. Let y be 2/(-7) - (-80)/i. Let n(f) = f**2 + 7*f + 9. What is the units digit of n(y)?
3
Suppose 0 = 2*t + 2*s - 182 - 98, -t + 142 = -s. What is the tens digit of t?
4
What is the tens digit of (-8)/(-44) + (-8496)/(-99)?
8
Let n(b) = 16*b**3 - 7*b**2 + 6*b + 6. Let l(g) = -48*g**3 + 20*g**2 - 17*g - 17. Let j(c) = 6*l(c) + 17*n(c). What is the units digit of j(-1)?
7
Let k be (-3)/15 - (-904)/20. Let t = k + -30. What is the units digit of t?
5
Suppose -2*v + 2*n + 0*n + 14 = 0, -22 = -2*v + 4*n. Suppose z + 5 = 2*r, z + v*r - 6*r = -10. What is the units digit of z?
5
Let h(w) = -w**2 + 4*w + 7. Let u(k) = k**2 + 8*k + 6. Let t be u(-8). Let c be h(t). Let v = c + 6. What is the units digit of v?
1
Let f be ((-2)/4)/(5/(-50)). Let b(u) = -5*u + 3 + 3*u + u - f. What is the units digit of b(-5)?
3
Let q(d) = -10*d - 24. What is the tens digit of q(-11)?
8
Let s be 0/1 - (-6)/2. Suppose 2*a = -s*a - 3*k + 55, -3*a = k - 29. What is the units digit of (-1)/2 - (-68)/a?
8
Suppose -2*h - 15 = -j, j - 4*h = h + 30. Suppose -j*s = 3*w - 34, 3*s = -2*w + s + 24. What is the units digit of w?
3
What is the tens digit of 53 + -1 + -1 + 1?
5
Let h(s) = s**3 + 2*s**2 - s - 1. Let y be h(2). Let n(u) be the first derivative of -u**4/4 + 14*u**3/3 - 13*u**2/2 + 2*u - 2. What is the units digit of n(y)?
2
Let b = -277 + 408. What is the hundreds digit of b?
1
Suppose 3 + 1 = 2*s. Let y = 8 - s. What is the units digit of y?
6
Suppose 3*d = -d + 12, 334 = f - d. What is the units digit of f?
7
Suppose -3*p = -2*p - 2. Suppose 9 = p*s - 3*s. Let m = s - -17. What is the units digit of m?
8
Let z(p) be the third derivative of 0 - p**3 + 0*p - 2*p**2 + 1/8*p**4 - 1/120*p**6 + 1/12*p**5. What is the units digit of z(5)?
9
Suppose -4*q + 9 = 1. Let n = 4 + q. Suppose 0 = 5*y - 4 - n. What is the units digit of y?
2
Let z(r) = r + 7. Let k(n) = -2*n - 15. Let b(x) = -6*k(x) - 14*z(x). Let f(l) = -2*l - 7. Let w(i) = -4*b(i) + 5*f(i). What is the units digit of w(-2)?
1
Suppose h - 3*v = -1, 3*h + 5*v - 2 = -5. What is the tens digit of (3/h + 26)/1?
2
Let d(l) = 6*l - 3. Let g be d(6). Let y = 68 - g. What is the tens digit of y?
3
Suppose -9*r + 3366 = 9*r. What is the tens digit of r?
8
Let g be 1 + 32 + (-2 - -3). Let y = 57 - g. What is the units digit of y?
3
Let q(s) = -s**3 + 4*s**2 + 2*s - 5. Let o(d) = d**3 - 5*d**2 - d + 7. Let i be o(5). Suppose r - i*r = -4. What is the units digit of q(r)?
3
Suppose 0 = -3*j - 4*f + 92, 4*j + 176 = 9*j + f. What is the units digit of j?
6
Let z = -80 + 416. What is the units digit of z/33 - (-6)/(-33)?
0
Let u be 4/12 + 362/(-6). What is the units digit of ((-3)/(-4))/((-5)/u)?
9
Let h(n) = n + 9. Let c(l) = -l**2 - l + 1. Let t be c(-2). Let f be t + -2 - (-1 - -6). What is the units digit of h(f)?
1
Let j = -9 - -12. Suppose j*o = 4*o - 32. What is the units digit of o?
2
Let d(x) = -x**3 + x**2 + x. Let n(c) = 7*c**3 - c**2 - 10*c + 4. Let p(s) = -6*d(s) - n(s). What is the units digit of p(-6)?
8
Let f(d) be the second derivative of 0 + 9/2*d**2 + 1/12*d**4 - 4/3*d**3 + 3*d. What is the units digit of f(7)?
2
Let u = 0 + 1. What is the units digit of (-1)/(u/(-9)) + -3?
6
Let w be (1 + 1 - 0) + 2. Suppose -96 = 4*u - 2*a, 4*a = 2*u - w*u - 28. Let j = u - -31. What is the units digit of j?
9
Let l(p) = p**3 - 4*p**2 - 7*p + 6. Let a be l(5). Let r(j) = -4*j + 3. What is the tens digit of r(a)?
1
Suppose 0*g - 110 = -5*g. Let p = 33 - g. What is the units digit of p?
1
Let s(l) = -l**3 + 12*l**2 - 15*l + 3. Let a(x) = -13*x - 3. Let k be a(-1). What is the tens digit of s(k)?
5
Let t = -3 + 5. Let o(f) = -3*f - 3. Let b be o(-9). What is the units digit of b/3 - t/(-2)?
9
Suppose x - 47 = 4*l - 19, 3*x + 4*l - 132 = 0. What is the units digit of x?
0
Suppose -5*o = -0*o - 25. What is the units digit of o?
5
Suppose -4*l - 20 = -0*l. Let x = 2 - l. What is the units digit of x?
7
What is the tens digit of (-2 - -5) + 2 + 88?
9
Suppose -p - p - 4*q + 22 = 0, -p + 5*q + 11 = 0. Let a = p + 7. What is the units digit of a?
8
Suppose -2*n = -n - 8. Let b = n - 5. What is the units digit of (-50)/(-8) - b/12?
6
Let n = 9 + -2. Suppose -3*j - 70 = -5*r - n*j, 4*r = j + 77. What is the units digit of r?
8
What is the units digit of (-148)/(-10) + (-2)/(-10)?
5
What is the units digit of (-350)/(-91) - 2/(-13)?
4
Suppose 28 = c - 0*c. What is the units digit of c?
8
Let c(l) be the third derivative of -l**4/24 - 5*l**3/6 - l**2. What is the units digit of c(-7)?
2
Suppose -k - 2*s = 0, -2*k + 8 = -2*s + 2. What is the tens digit of k/(-1 - (-42)/38)?
1
Let t be (14 + -1)*-2*-1. Suppose 4*n = -5*i + 25, -5*i + 3*n + 25 = -n. Suppose 0 = i*o - 14 - t. What is the units digit of o?
8
Suppose -2*p + 3 = -3*z, 3*z = -5*p + 4*p - 21. Let d(o) = -o**3 - 5*o**2 + 5*o - 2. What is the units digit of d(p)?
4
Let c(g) = g**3 + g**2 + 2*g + 1. Let m be c(-1). Suppose 3*s - s - 6 = 0. What is the tens digit of 15/(4 - s) - m?
1
Let g(q) = -q - 11. Let s be g(-10). Let y(j) be the third derivative of 11*j**5/60 + j**4/24 + j**2. What is the tens digit of y(s)?
1
Let p be (2 - (7 + -3)) + 17. Let u = p + -21. What is the tens digit of ((-21)/9)/(1/u)?
1
Let o(c) be the third derivative of c**4/8 + c**3/3 - 2*c**2. Let l = 8 + -5. What is the tens digit of o(l)?
1
Let q = 15 - -8. What is the tens digit of q?
2
Let n(q) = -q**3 - 5*q**2 - q - 2. Let c be (-6)/(-9) - 34/6. What is the units digit of n(c)?
3
What is the tens digit of (-18)/72 - (-298)/8?
3
Let q = 9 + -3. Suppose 0 = -2*r + 4*r. Let c = q - r. What is the units digit of c?
6
Suppose 67 + 81 = 4*s. Suppose -4*y + 107 + s = 0. What is the tens digit of y?
3
Let h(v) = -3*v + 8. Let m be h(6). Let f be m/4*(-4)/5. Let l(d) = 5*d + 1. What is the tens digit of l(f)?
1
Suppose -6*p = -2*p - 64. What is the tens digit of p?
1
Let z(r) = -r**2 - 15*r - 3. Let f be z(-15). What is the units digit of (31/f)/((-1)/3)?
1
What is the units digit of 15 + (-6)/(-18)*0?
5
Let r = -6 - -8. Suppose -3*b - 24 = 3*k, 4*k + 7*b - 2*b = -35. Let h = r - k. What is the units digit of h?
7
Suppose 60 = 5*a - a. Suppose 0 = -2*n + b + a, 20 = n - 3*b - 0. Suppose n*x + 82 = 5*m + 12, 4*m = -4*x + 16. What is the units digit of m?
9
Suppose 5*y = -2*t + 2, 0*t - 4*t = -2*y - 28. Let s = -4 + t. Suppose s*k = 5*k - 15. What is the units digit of k?
5
Suppose -2*v - 3 = -9. Let q be -1 + 5 - (-2 + 1). Suppose v*h = -q*b - 13 + 49, -h + 3*b = 2. What is the units digit of h?
7
Let h(j) = 5 - 22*j - 5. What is the units digit of h(-1)?
2
Suppose 3*v + 2*v - 28 = -n, 0 = 5*v + 5. Suppose 20 = 2*w + 2*g, -n = -3*w - 2*g - 0*g. What is the units digit of w?
3
Let f = 1 + 6. Let y(x) be the third derivative of x**5/60 - x**4/3 + 4*x**3/3 - x**2. What is the units digit of y(f)?
1
Let w = 11 - 8. Suppose -2*h - 2*m = 2*h - 30, 2*h - 5*m + 15 = 0. Suppose -h*a = -w*a, -3*a = -5*k + 25. What is the units digit of k?
5
Let g be (-1)